
51062
In base 13, what is 0 - -c0b0?
c0b0
In base 3, what is 11020012212100 + 11?
11020012212111
In base 5, what is -4 + -131304?
-131313
In base 7, what is 434 - 2002?
-1235
In base 2, what is 110000 + -1100011100?
-1011101100
In base 7, what is -11343 - -4012?
-4331
In base 15, what is 93a + -9?
931
In base 7, what is -30400 + 1?
-30366
In base 9, what is -22175 + -33?
-22218
In base 6, what is 10250 - -553?
11243
In base 5, what is -4402222 + 32?
-4402140
In base 12, what is -151 + 4a?
-103
In base 6, what is -5 + -1225?
-1234
In base 4, what is -11 + 31313231?
31313220
In base 10, what is -170 + -68?
-238
In base 9, what is -1126 - -205?
-821
In base 10, what is 1601939 + 2?
1601941
In base 14, what is -4c9d0 - -2?
-4c9cc
In base 9, what is -42 + 32765?
32723
In base 5, what is -24213 - -1101?
-23112
In base 8, what is -1 + -40366?
-40367
In base 13, what is -193 - 47?
-20a
In base 10, what is -28 + 345?
317
In base 3, what is 1102 - -111210?
120012
In base 2, what is 100001 - -101110000001?
101110100010
In base 8, what is 33017 - -5?
33024
In base 15, what is 2e3d - -2?
2e40
In base 3, what is -1020 + 100200012?
100121222
In base 8, what is -241 - -2134?
1673
In base 8, what is 1645713 - 5?
1645706
In base 10, what is 159434 - 4?
159430
In base 7, what is -2346 - -420?
-1626
In base 16, what is -1 + -7e6e?
-7e6f
In base 12, what is 2 - 176849?
-176847
In base 15, what is 3c6 - -113?
4d9
In base 13, what is -681877 + -2?
-681879
In base 14, what is -4b8 - -2?
-4b6
In base 7, what is -1 - 6211162?
-6211163
In base 13, what is 4634b + -4?
46347
In base 3, what is 111222000 - -1001?
112000001
In base 2, what is 1111110111 + -11010110001?
-1010111010
In base 15, what is 3 - -13504?
13507
In base 4, what is -11302131123 - 1?
-11302131130
In base 10, what is -2025 + -133?
-2158
In base 16, what is -9 - 21e7?
-21f0
In base 2, what is 10110100 + 100111110010?
101010100110
In base 16, what is 1a66 - -2?
1a68
In base 2, what is 11000111101 + 1100111?
11010100100
In base 3, what is -112012 + 11000021?
10111002
In base 15, what is 184 + -3b?
148
In base 12, what is 116 - 14?
102
In base 4, what is 11 + 111112031?
111112102
In base 16, what is 8e - 74?
1a
In base 10, what is -165 - 1503?
-1668
In base 10, what is 44 - 35652?
-35608
In base 15, what is -20459 - -2?
-20457
In base 14, what is -8560a + 3?
-85607
In base 11, what is 822 + -240?
592
In base 16, what is -103 + -90?
-193
In base 2, what is 101 + 11010011001100?
11010011010001
In base 3, what is 100 + 2021011?
2021111
In base 6, what is 40442 - -53?
40535
In base 7, what is -2 + 6660144?
6660142
In base 9, what is -3411228 - 3?
-3411232
In base 2, what is -110100010010111110 + 101?
-110100010010111001
In base 16, what is 0 - 4a31d?
-4a31d
In base 6, what is 3422 + 524?
4350
In base 6, what is 33 - -51051?
51124
In base 13, what is -3214 - -5?
-320c
In base 5, what is 11 + -24301044?
-24301033
In base 4, what is -23222330 - -11?
-23222313
In base 10, what is 232164 - -3?
232167
In base 13, what is 7b63 + 10?
7b73
In base 11, what is 2 - -204006?
204008
In base 15, what is 0 + -1d0?
-1d0
In base 10, what is 3 + 5777?
5780
In base 11, what is 6 + 46674?
4667a
In base 4, what is 12202322 - 1?
12202321
In base 15, what is -591 - a?
-59b
In base 8, what is -4750 + 41?
-4707
In base 13, what is 1481 + -39?
1445
In base 5, what is -3214204 - -201?
-3214003
In base 16, what is 1 - -a74d?
a74e
In base 13, what is -b - -7a04?
79c6
In base 4, what is -2202002 - 11?
-2202013
In base 5, what is 1114410 - 0?
1114410
In base 10, what is 11 + -23274?
-23263
In base 11, what is 60a07 + -41?
60976
In base 11, what is 824884 - 4?
824880
In base 15, what is ade3 - -32?
ae25
In base 14, what is -14a0 - b4?
-1574
In base 13, what is 3b2 - -5a?
43c
In base 9, what is 21882 - 475?
21406
In base 15, what is 193 - 1bda?
-1a47
In base 15, what is -2597 + bd?
-24c9
In base 10, what is -2120833 + 2?
-2120831
In base 5, what is -2114 + -1033?
-3202
In base 5, what is -2 + -43400?
-43402
In base 12, what is -256 + 111?
-145
In base 11, what is 378764 + 4?
378768
In base 2, what is -10110 - -1010100110001?
1010100011011
In base 3, what is -122001100 + -2220?
-122011020
In base 10, what is -5 - 43962?
-43967
In base 8, what is -1200754 - -5?
-1200747
In base 15, what is -2940c6 - -5?
-2940c1
In base 7, what is 1 - 46101?
-46100
In base 16, what is -beb - 5?
-bf0
In base 9, what is -513456 + 4?
-513452
In base 3, what is -2 + 222212010?
222212001
In base 7, what is -621632 + 12?
-621620
In base 2, what is 11 - 110010100110?
-110010100011
In base 11, what is 44 - -11a?
163
In base 3, what is 221 - -12010212101?
12010220022
In base 14, what is 98 - 2892?
-27d8
In base 15, what is -3a + -7bd?
-808
In base 14, what is -7194 + -a?
-71a0
In base 15, what is 2 - 1cd326?
-1cd324
In base 6, what is 14 + -12354?
-12340
In base 10, what is -213946 - 3?
-213949
In base 5, what is 1302 + -1321?
-14
In base 15, what is 10d9b + 0?
10d9b
In base 2, what is 100000 + -1110000011011?
-1101111111011
In base 5, what is -10 - 41143?
-41203
In base 2, what is -100011 - -11111110000?
11111001101
In base 5, what is 10003204 - -3?
10003212
In base 6, what is -200535 + -1545?
-202524
In base 10, what is 30987 - -10?
30997
In base 6, what is -103 - 3021?
-3124
In base 6, what is -341 - 1230?
-2011
In base 10, what is 131952 + -8?
131944
In base 2, what is 11100111110100100 - -1?
11100111110100101
In base 3, what is -11 - -2020200100012?
2020200100001
In base 15, what is -2 + 1a49?
1a47
In base 14, what is -9013b + -3?
-90140
In base 8, what is 20763453 + 5?
20763460
In base 12, what is -5 - -27883b?
278836
In base 16, what is -1 - -106071?
106070
In base 14, what is 2 + 1485?
1487
In base 3, what is 20101111 - 201221?
12122120
In base 15, what is 43b5 - -45?
440a
In base 7, what is -432 - 2225?
-2660
In base 9, what is -686 + 172?
-514
In base 9, what is 11 + -476?
-465
In base 16, what is -5 + -607e?
-6083
In base 9, what is 51 + 2068?
2130
In base 13, what is 24c8 - -148?
2643
In base 9, what is 7 - -4854?
4862
In base 6, what is -2122 - 5101?
-11223
In base 4, what is -100232 - -13?
-100213
In base 13, what is 5b38 + -3?
5b35
In base 7, what is 4103446 + 5?
4103454
In base 12, what is -17 + 601?
5a6
In base 16, what is 5 - -d6f8?
d6fd
In base 5, what is -1240 - -243?
-442
In base 7, what is -2531353 + -2?
-2531355
In base 16, what is 5e + 2?
60
In base 4, what is 1113102 + -120?
1112322
In base 15, what is 210 - 35c?
-14c
In base 11, what is 749a - 1?
7499
In base 2, what is 111001 + 1100010001000111?
1100010010000000
In base 12, what is -137 + -115?
-250
In base 5, what is -413 - -20312?
14344
In base 12, what is -1 - 38b22?
-38b23
In base 7, what is 1505255 + -2?
1505253
In base 2, what is 10010 - 11110111000101?
-11110110110011
In base 4, what is -211 + -22133132?
-22200003
In base 4, what is 31200012 + 3?
31200021
In base 4, what is -103 + -123112?
-123221
In base 16, what is -b58 - -106?
-a52
In base 5, what is -11313432 + -40?
-11314022
In base 6, what is 1011234 + 24?
1011302
In base 11, what is 17092 - -93?
17175
In base 4, what is 1030 + -112303?
-111213
In base 13, what is -19 - -45643?
45627
In base 12, what is -7895 - -8?
-7889
In base 13, what is 21a1b - -4?
21a22
In base 12, what is -1 - -18491?
18490
In base 14, what is 553b + -16?
5525
In base 12, what is 0 + 70a842?
70a842
In base 12, what is -2 - 685b?
-6861
In base 10, what is 2344 - 52?
2292
In base 8, what is 527524 + -2?
527522
In base 14, what is -14 - -1ac31?
1ac1b
In base 2, what is 1 - 1110101001011101?
-1110101001011100
In base 6, what is -4 - -10142?
10134
In base 14, what is bc1d3 - 4?
bc1cd
In base 12, what is 157 - -519?
674
In base 14, what is 34dd - -2?
3501
In base 16, what is 1a2eeb - -4?
1a2eef
In base 3, what is -101101 + -111222?
-220100
In base 9, what is -16244 - -7?
-16236
In base 14, what is c - 6b5b2?
-6b5a4
In base 15, what is 7 - 519?
-512
In base 11, what is 1 + 574079?
57407a
In base 15, what is -4 - -d952?
d94d
In base 9, what is -50 - 2152?
-2212
In base 14, what is 19 + 3c?
57
In base 13, what is 189aa + 1?
189ab
In base 8, what is 5 - -75225?
75232
In base 16, what is -58a3e + 5?
-58a39
In base 13, what is -1 + 3c775b?
3c775a
In base 10, what is 